s of i(f).
2, 7
Let t(f) = f**3 + 10*f**2 + 12*f + 7. Let i be t(-8). Let c = 106 + -50. Let v = c - i. List the prime factors of v.
17
Let m be 11/((-264)/7965) - (-2)/(-16). Let d = m - -485. List the prime factors of d.
3, 17
Let q(a) = 3*a + 13. Let j be q(-4). What are the prime factors of 1000/24 - j/(-3)?
2, 3, 7
Let v(p) = -2*p**3 + 51*p**2 - 26*p + 61. What are the prime factors of v(24)?
5, 233
List the prime factors of 1010 + -242 + (0 + 5 - 0).
773
Suppose -14 = -z - 74. Let v = z + 84. List the prime factors of v.
2, 3
Let z(l) = 65*l**2 + 6*l + 74. What are the prime factors of z(-5)?
1669
Suppose 16 = 6*x - 8. Suppose -a + 33 = 4*f + x, 54 = 2*a + 4*f. List the prime factors of a.
5
List the prime factors of (3 - 0)*3340/12.
5, 167
Suppose 2*t = -t. Suppose t = 2*p - 7*p + 880. Let w = -117 + p. List the prime factors of w.
59
Let l(c) = -2*c**3 + c**2 + c. Let t be l(3). Let h = t - -50. List the prime factors of h.
2
Let q = 9 + -4. Let o = -492 + 490. List the prime factors of 432/20 - o/q.
2, 11
Let y(d) = d**2 + 6*d - 28. List the prime factors of y(-10).
2, 3
Suppose -5*p = 2*s - 3475, -4*s = -5*p - 2*s + 3455. List the prime factors of p.
3, 7, 11
Suppose 2 = 3*p + c, -5*c + 3*c + 4 = 4*p. Suppose -5*r = -4*t - 273, 0 = -r - p*t - 2*t + 49. What are the prime factors of r?
53
What are the prime factors of 1069 + -1 + (-8)/(-4) + -4?
2, 13, 41
Suppose -342 = -z + 16. Let i = z - 1. What are the prime factors of i?
3, 7, 17
Let r(i) = 515*i - 331. List the prime factors of r(5).
2, 3, 11, 17
Let k = -26 + 23. Let c be (-2)/k*(6 + -3). Suppose -c*f + 64 = 2*u - f, 64 = 2*u - f. What are the prime factors of u?
2
Let n(u) = u**3 + 31*u**2 + 21*u + 163. What are the prime factors of n(-29)?
2, 3, 103
Let a be (-6)/(-2) + (-10 - (-7)/(-1)). What are the prime factors of 5804/28 + 6 + 4/a?
3, 71
Let j(q) = -q**2 - 4*q - 4. Let t be j(-5). Let d = -7 - t. Suppose 3*l + b = 46, 0 = -d*l + 5*b + 19 + 6. What are the prime factors of l?
3, 5
Let n(u) = -1 + 2*u - 3*u - 19*u**2 + 21*u**2 + 10*u**3. What are the prime factors of n(3)?
2, 71
Suppose -22*v = -18*v + 2*n - 2802, 4*n = 5*v - 3535. What are the prime factors of v?
19, 37
Let f = -854 - -1657. What are the prime factors of f?
11, 73
Suppose 0 = -35*n - 7920 + 56605. What are the prime factors of n?
13, 107
Let m(u) = u**2 - 6*u - 6. Let i be m(8). Suppose -p - j - 1 + i = 0, -2*p + 4*j + 48 = 0. Suppose t - p = 16. List the prime factors of t.
2, 3, 5
Suppose -12*u = -14144 - 20260. List the prime factors of u.
47, 61
Let r(z) = -15*z - 49. List the prime factors of r(-11).
2, 29
Suppose -294 - 460 = -26*y. What are the prime factors of y?
29
Let x = -22 + 76. Suppose 4*d = 2*d + x. What are the prime factors of d?
3
Suppose -3*q + 468 = 2*c - 327, 2*q - 1594 = -4*c. Suppose c = 4*n + 107. List the prime factors of n.
73
Suppose -5*p + 227 + 113 = 0. Suppose 2*m - m = -p. Let a = m - -104. List the prime factors of a.
2, 3
What are the prime factors of 24224/20 - (-2)/(-10)?
7, 173
List the prime factors of ((-1397)/(-3))/(94/282).
11, 127
What are the prime factors of (-1)/(7738/(-1934) + 4)?
967
Suppose n + 0*z - 16 = -z, -4*z - 1 = -n. Let a = n + 3. List the prime factors of a.
2
Let p(a) = a. Let t be p(-8). Let g be (-7)/(-21) - t/3. What are the prime factors of g - ((-6)/2 + -1)?
7
Let a(w) = 3*w**2 + 36*w + 6. Let r be a(8). Suppose 9*q - 7*q - r = 0. What are the prime factors of q?
3
Let o(x) = -x**3 + 8*x**2 + 8*x - 9. Let d(m) = -3*m - 10. Let y be d(-6). Suppose -5*i + y = -4*i. What are the prime factors of o(i)?
5, 11
Let m(f) = 15 - 2*f + 7*f**3 + 94 - 6*f**3. List the prime factors of m(0).
109
Let k be (-23)/((-1)/(-3)*3). Let t = k - -25. Suppose t*b - 15 - 23 = 0. List the prime factors of b.
19
Suppose -330 = -14*d + 8*d. Let p = 64 - d. What are the prime factors of p?
3
Let n(o) = 19*o**2 + 31*o - 115. What are the prime factors of n(5)?
5, 103
Suppose -2*b - 40 = 2*b. List the prime factors of (9 + b)/(2/(-404)*2).
101
Let g(o) = -o**2 - 6*o + 11. Let t be g(-6). Suppose -t*m - 425 = -1250. What are the prime factors of m?
3, 5
Let v(q) = 358*q**2 - 13*q + 13. What are the prime factors of v(-3)?
2, 1637
Let g = 16 + -16. Let q be -6 - g*(-2)/(-4). What are the prime factors of q/4 - (-264)/16?
3, 5
Suppose -5*y + 1925 = 2*n, -4*y = 16*n - 20*n - 1568. List the prime factors of y.
3, 43
Let t(f) = f**3 + 19*f**2 - 68*f + 21. List the prime factors of t(-21).
3, 7
Let u be (-3894)/(-4) - (-51)/34. List the prime factors of (-4 - (-42)/12) + u/6.
2, 3
Let w be -138*((-22)/6 + 3). Let k be 9/(1/(4/6)). Suppose 2*v - k*v = -w. List the prime factors of v.
23
Let a = 2041 + -311. What are the prime factors of a?
2, 5, 173
Let v(s) = -27*s + 5. Let p = -83 + 80. List the prime factors of v(p).
2, 43
Suppose 2368 = 3*v + 10*s - 6*s, -5*v - 5*s + 3955 = 0. What are the prime factors of v?
2, 199
Suppose 12*h - 112 = 5*h. List the prime factors of h.
2
Suppose -2*o - 3*r = -2*r - 21, -17 = o - 5*r. Suppose -278 = o*l - 10*l. List the prime factors of l.
139
Let p be (-5652)/(-132) + (-4)/(-22). Suppose -19*u + 20*u - p = 0. List the prime factors of u.
43
Suppose -3*a = -5*t - 7*a + 378, 0 = 3*t - a - 220. List the prime factors of t.
2, 37
Let z be (-9)/3 - (-10)/2. Suppose 3*f + z*h = 10, -5*h = f + 8 + 6. Let k = 1 + f. What are the prime factors of k?
7
What are the prime factors of 1 - (-8)/(-1) - -1320?
13, 101
List the prime factors of (8 + 4 + -6)*(-538)/(-12).
269
Suppose -3*p + 205 = -5*j - 56, 0 = -5*j - 4*p - 247. List the prime factors of (-1332)/j - (-2)/(-17).
2, 13
Let y(p) = -p**2 - 10*p - 7. Let c be y(-9). Let z be 3 - (c/(-2) - -1). Suppose -4*o = z*s, -3*s - 2*s = -5*o - 35. What are the prime factors of s?
2
What are the prime factors of (-11)/(-33) + (-20744)/(-12)?
7, 13, 19
Let o = -457 - -861. List the prime factors of o.
2, 101
List the prime factors of (67892/88)/((-1)/(-2)).
1543
Suppose 5*t + 4*h = 1781, -2*t + 189 = 2*h - 525. Let d = t - 149. What are the prime factors of d?
2, 3, 17
Suppose 0 = -2*s - 6. Let l = s - 3. Let n(a) = -a**3 - 7*a**2 - 7*a + 3. List the prime factors of n(l).
3
Let g(d) = 18*d + 360. What are the prime factors of g(-11)?
2, 3
List the prime factors of (-84)/(-546) + 4769/13.
367
Let h(k) = 2*k - 2. Let n be h(6). Let w = n - 11. What are the prime factors of (-58)/(-4)*(-2)/w?
29
Let c = -555 - -174. Let q = -271 - c. List the prime factors of q.
2, 5, 11
Suppose 4*f + 440 = -0*f. Let z = 27 - -129. Let q = z + f. What are the prime factors of q?
2, 23
Let k(i) = 10*i**2 - 348*i - 42. List the prime factors of k(42).
2, 3, 7, 71
Suppose -3*p = 3*n - 396, -p + 528 = 3*p - n. Let i = -139 - -144. Suppose -i*q = -p - 98. What are the prime factors of q?
2, 23
Suppose -42*l + 23*l = -54435. What are the prime factors of l?
3, 5, 191
Let c be -5 - (-1 - (-4 - -3)). Let j(m) = m**3 + 6*m**2 - 3*m - 11. List the prime factors of j(c).
29
Suppose 0*c + 3*c = 0. Suppose 146 = 2*i - 4*s, c = 5*i + s - 419 + 21. List the prime factors of i.
79
Let b be 3 - 2*(-2)/4. Let z(d) = 0 - b*d - 7 + 2 - 2. What are the prime factors of z(-6)?
17
Let v(s) = 4*s + 4*s + 2*s - 6. Let b be v(-8). Let g = b + 143. What are the prime factors of g?
3, 19
Let n = -47 - -32. Let m = n + 22. Let j = 20 - m. List the prime factors of j.
13
Suppose -4*f = 3*y + 2*y - 2196, -y = -3*f - 443. List the prime factors of y.
2, 5, 11
Let b be 0*(2/5)/((-4)/5). Let d(u) be the third derivative of -u**5/30 - u**4/24 + 7*u**3 - 2*u**2. List the prime factors of d(b).
2, 3, 7
Let o = -2 + 2. Suppose 36 = 5*x - 4*l - o*l, 3*x = 4*l + 20. List the prime factors of x.
2
Suppose -4*t - 4*r = r - 2336, 0 = -2*t + 5*r + 1138. What are the prime factors of t?
3, 193
Let c(i) = i + 5. Let y(j) = -2*j - 10. Let k(f) = -5*c(f) - 2*y(f). Let d be k(-7). Suppose -d*n + 5*u = u - 36, 3*n + u = 26. List the prime factors of n.
2, 5
Let k(m) = m**3 + 3*m**2 + m - 7. List the prime factors of k(4).
109
Suppose -r + 6*r = -5*d + 695, d = 3*r - 437. Let c = 239 - r. What are the prime factors of c?
5, 19
Suppose -4*j = 3*j - 224. What are the prime factors of 6/((-12)/j*-9 - 3)?
2
Let m(j) = j**2 + j - 2. Let s(n) = -4*n**3 + 5*n + 8 + 2*n**3 + 2*n**3 -